 - 23 = m - 4*m. Suppose -u*n + 9*n - 215 = 0. Is n a prime number?
True
Suppose 4*u + 78 + 70 = 0. Let j = 62 + u. Is j a prime number?
False
Let i = 320 + 161. Is i prime?
False
Let o = -910 - -532. Let k = -187 - o. Is k a prime number?
True
Let k be -65*(-4 + 3) - 2. Suppose q + 2*q = 132. Let n = k - q. Is n a prime number?
True
Let g(d) = 3*d**2 - 6*d + 1. Let u be g(4). Suppose -4*c - 2*w + 2 = 3*w, 5*c - 5*w - u = 0. Suppose c = -3*n, 4*r + r + 4*n - 6 = 0. Is r a composite number?
False
Is (-8)/(5 + -1) + -1 + 2506 composite?
False
Suppose 0 = -5*u + 23 + 12. Is u a prime number?
True
Let w be 2*(2 - 3) + -17. Let j = w - -33. Is j prime?
False
Let x = 48 + -26. Is x a prime number?
False
Let k(r) be the second derivative of 0*r**4 - 1/20*r**5 + 2/3*r**3 - 1/2*r**2 - 2*r + 0. Is k(-3) prime?
False
Let s = -1961 + 1058. Let c = 1664 + s. Is c a prime number?
True
Suppose 0 = -c + 3*c + 5*i - 3481, i + 3463 = 2*c. Is c prime?
True
Let v = -1157 - -1656. Is v composite?
False
Suppose r - 309 = 2*x - 1344, -x = -5*r - 522. Is x a composite number?
True
Suppose -74 = 4*d - 6*d. Is d a composite number?
False
Suppose 2*o + 13 = 3*o. Is o a composite number?
False
Let f be (5 - 7)/(2/(-18)). Suppose 3*d = 5*h - 28, d - 3*h + f = -d. Let s(r) = r**3 + 6*r**2 - 5*r + 7. Is s(d) prime?
True
Let a(v) = 722*v - 3. Is a(2) a composite number?
True
Suppose -3*y - 3*f - 4 + 10 = 0, -3*f = 4*y - 10. Suppose 0 = -a - y*a + 340. Is (a - -1) + 10/(-5) composite?
False
Let z = 10 + -7. Suppose -49 = z*a - 178. Suppose -c - 3*q = -5*q - a, -3*c - 2*q + 97 = 0. Is c a prime number?
False
Let b = 6 - 4. Suppose -f = -b - 0. Is f a composite number?
False
Let b(q) = 4*q**2 + 7*q + 11. Is b(-8) a prime number?
True
Let z = -5 + 9. Let g be z - 0 - (-2 - -4). Suppose -j - 5*l = -3*j + 25, 4*j - g*l = 58. Is j a prime number?
False
Let s(p) = -389*p - 1. Let r be ((-2)/(-4))/(2/(-4)). Let u be s(r). Suppose -b + 79 = -u. Is b a composite number?
False
Let o be 2 - (-3 + 5) - -3. Suppose -o*n + 15 = 2*n. Suppose 5*p - 3*t - 176 = n*p, 0 = -4*t - 8. Is p a composite number?
True
Let w(s) = s - 8. Let t be w(8). Suppose 3*h - 141 = -t*h. Is h a composite number?
False
Let k be 2 + ((-2)/(-1) - 2). Suppose -k*a = -0*a - 2*w + 2, 3*a = -5*w + 21. Suppose -12 = -a*q - 2*r, 3*r + 4 = 3*q - 20. Is q a composite number?
False
Let m = -4 - -7. Let l be (21/4)/(3/12). Suppose -4*x + 4*p = 1 - 29, -l = -m*x + 2*p. Is x a composite number?
False
Suppose 3*a = -0*a + 921. Is a a prime number?
True
Let d(f) = 3*f + 18*f**3 + 4*f**2 + 1 - 12*f**3 - f. Is d(4) composite?
False
Let r be (-3)/12 + (-18)/(-8). Let k = 2 + r. Suppose -k*z + z + 93 = 0. Is z a composite number?
False
Let t be 78/9*3/(-2). Is (-2)/t + 8691/39 a prime number?
True
Let w(o) be the third derivative of o**5/6 - o**4/8 - o**3/3 + 8*o**2. Suppose -4*f - 5*a = 37, -f + 2*a + 0*a = -7. Is w(f) a prime number?
True
Let p be (-1)/((-3)/558*-2). Let d = p - -240. Suppose 0 = 4*m - 3*g - d, -3*g - 2*g - 24 = -m. Is m composite?
True
Suppose 0 = -0*q - 3*q + l + 487, 0 = -3*q + 3*l + 495. Is q a composite number?
True
Let n be (-3)/(-4)*-2*2. Let z(s) = -9*s**3 - 2*s**2 + 2*s - 2. Is z(n) a prime number?
False
Let p be -3 + 5 - (-1 + 0). Let n(y) = 16*y - 1. Is n(p) composite?
False
Let h be ((-1)/3)/(2/(-18)). Suppose 0*g - h*g = -255. Is g a composite number?
True
Let b = -510 - -745. Is b composite?
True
Let y = 9 - 3. Suppose -4*l - l = 2*d - 36, -3*l = -4*d - y. Is l composite?
True
Let o(n) be the second derivative of 3*n**3/2 - 4*n**2 - n. Let z(v) = -2*v**3 - v**2 + 4*v + 3. Let a be z(-2). Is o(a) composite?
True
Let d(r) = 52*r**2 - 5*r - 2. Let y be d(4). Suppose -6*w + y = -w. Suppose 23 + w = 5*b. Is b a prime number?
True
Suppose 3*w - 2456 = -5*w. Is w composite?
False
Suppose 5*i - 15 = 4*c, 3*i - 5*c = 22 - 0. Is (i + -29)*(-3)/6 a prime number?
False
Let u be 5 + 1*(-4)/2. Suppose -u*b - b = 0. Suppose 0*z - 3*z + 159 = b. Is z prime?
True
Let r(c) = c**3 + 13*c**2 - 5*c - 13. Is r(-12) a prime number?
True
Let k = -108 - -237. Let d = 226 - k. Is d composite?
False
Suppose 3*z - 1760 = -z - 3*y, 3*y - 874 = -2*z. Is z composite?
False
Let h(t) = 4*t**2 + 13*t + 1. Is h(6) a composite number?
False
Let z = 4 - -6. Let c be (12/15)/(4/z). Suppose -3*r - 2 = -5*q, c*r = -0*r + 3*q. Is r a composite number?
True
Is 374 - (-7)/((-7)/3) composite?
True
Let s(b) = 29*b + 4. Suppose -5*o + 0*o = -30. Let z be s(o). Suppose -u + z = u. Is u a prime number?
True
Suppose 0 = -9*o - 7*o + 6224. Is o composite?
False
Let d be (-76)/(-5) + (-6)/30. Suppose -d = -2*i - 3*i. Suppose i*x + l = 76, 0 = -x - 3*x + 2*l + 98. Is x a prime number?
False
Let w be 12 + -1 + (-1 - -1). Let k = -7 + w. Suppose 0*d - 52 = -k*d. Is d a composite number?
False
Suppose -6*y = -10*y + 844. Is y a composite number?
False
Is (9/6)/((-3)/(-634)) a composite number?
False
Suppose -3*h = -h - 5*x - 358, 4*h - 680 = x. Is h prime?
False
Suppose 25 = -2*j - 25. Let i = j + 41. Let u = 41 - i. Is u a composite number?
True
Suppose 4*d = 4*a - 1648, d + d + 1638 = 4*a. Is a a composite number?
True
Suppose 0 = -3*u - 2*z + 985, -3*z + 7 = 19. Is u a prime number?
True
Let l(j) = -j**2 - 6*j + 12. Let n be l(-7). Suppose -4*t - t = -3*b + 614, -2*b + 411 = -n*t. Is b prime?
False
Let a be (2/(-6))/((-3)/126). Is (-1 - -3)*469/a a composite number?
False
Suppose -15 = -2*f - 5. Suppose -1841 - 12 = -4*r + f*z, 5*r + 4*z = 2347. Is r a composite number?
False
Let k = 0 - -2. Suppose 4 = -k*h + 5*y, 5*h + 4*y - 8 = 15. Suppose 2*c + 48 = 2*b + h*c, 0 = 2*b - 3*c - 56. Is b a prime number?
False
Suppose -5*m - 15 = -10*m. Is (38/m)/(8/12) composite?
False
Suppose 624 = 4*a - 496. Let d = a - 167. Is d a prime number?
True
Let k be ((-3)/(-6))/(3/(-306)). Is ((-5)/(-3))/((-1)/k) composite?
True
Let k = -142 - -300. Suppose r - 3*r + k = 0. Is r composite?
False
Let r(o) = 9*o + 1. Let b be r(-1). Let d(y) = y**2 + 8*y + 9. Is d(b) prime?
False
Let y = -639 - -1088. Is y prime?
True
Let s = -507 + 904. Is s composite?
False
Suppose o + 4 = 5*o. Let u be (0 - 0)/o + 3206. Is u/35 + (-3)/5 a prime number?
False
Is 6549*(1 - ((-16)/12)/(-2)) composite?
True
Let i be (-1)/(5 + -3)*-1270. Suppose 55 + 199 = 2*f - 3*a, 5*f - i = -3*a. Is f prime?
True
Let l(u) = 11*u**2 + 3*u. Let f be l(-2). Suppose -v + f + 37 = 0. Is v/3 + 3 + -5 a composite number?
False
Suppose 13*w - 8*w = 275. Is w a prime number?
False
Let n be 1/(-4)*2*2. Let p(u) = -210*u + 1. Is p(n) composite?
False
Let h be -3*1*(-6)/(-9). Is (-1)/4*h*158 prime?
True
Is 3 + (0 - (-12)/(-4)) + 9121 a composite number?
True
Let h(m) = m + 8. Let q be h(-10). Is (q - (-14)/6)*147 composite?
True
Suppose -4*j + 4*u + 216 = 0, 85 + 101 = 3*j + 5*u. Is (2/3)/(2/j) composite?
False
Suppose -5*c = -2*c - 1884. Suppose c + 7 = 5*j. Is j composite?
False
Is 2*(1499/10 + 10/(-25)) a prime number?
False
Let l(m) = 2*m. Let x be l(3). Suppose x*s = -3*j + 3*s + 639, -4*s + 430 = 2*j. Is j a composite number?
False
Suppose 3*t - 384 - 855 = 0. Is t a composite number?
True
Suppose -4*h + 8 = -8. Suppose -h*q + 312 = -232. Let r = -71 + q. Is r a composite number?
True
Suppose -4*q + 61 = q + 3*s, -2*q = 2*s - 26. Suppose -q - 16 = -3*g. Is g composite?
True
Suppose 0 = -5*r - 4*f + 39, 5*r = 3*r + 2*f + 12. Let t(o) be the third derivative of -o**5/60 + 3*o**4/8 + 5*o**3/6 - 3*o**2. Is t(r) prime?
True
Is (4*-1)/2 + -5 + 41 composite?
True
Suppose x - 11 = o, -4*x + 2*o + 27 = -17. Is x composite?
False
Suppose -3*t + 7*t = 20. Suppose -t*b + 10 = -10*b. Let p(i) = -33*i + 1. Is p(b) composite?
False
Let g(c) = -c**2 - 2. Let b be g(0). Let x = b + 5. Suppose -2*l - 4*q + 90 = 0, -5*l = -l + x*q - 160. Is l a composite number?
False
Suppose 7*h - 3*h = 32. Is 10/h*112/4 composite?
True
Let g be 3/(-15) - (-38)/(-10). Is g/(-4 + 2) - -83 composite?
True
Suppose 0 = -2*m + 3*v - 95, 5*m + 5*v = 4*m - 54. Let u = 135 + m. Is u prime?
False
Suppose 5 = 2*f + 1. Suppose -i + 153 = f*i. Is i a prime number?
False
Suppose -4*r + 1 = 3*b, 4*b - 11 = 5*r - 51. Let j(u) = -4*u**2 - 5*u + 1. Let p be j(b). Let z = 57 - p. Is z composite?
False
Let u = -27 - -40. Suppose -m = -2*t + 70, -u - 36 = -t - 3*